*k**3 - 5*k. Determine h(-5).
14
Let o(z) = 2*z - 1933 - 1937 + 3871. Let h be (-46)/(-10) + (-6)/(-15). Calculate o(h).
11
Let p(o) be the second derivative of -o**4/12 - 2*o**3/3 + 2*o**2 - 2*o - 3. Calculate p(-5).
-1
Let z(t) be the first derivative of 4*t**3/3 - 3*t**2/2 - 48. Determine z(2).
10
Let u(z) = z**2 - 2*z. Let n be u(3). Suppose -12 = 4*c - 5*o, 0 - 6 = 3*c - n*o. Let b(y) = 9*y**2 - 3*y**3 + c*y**3 - 3*y - 7 - 3*y + 0*y**2. What is b(8)?
9
Let n(i) = i + i + 0*i + 90 - 74. Give n(-9).
-2
Let d be (3/(-1))/((-7)/(-42)). Let j = 23 + d. Let v(f) = 2*f - 1. Determine v(j).
9
Let s(c) = -12*c**2 - 168*c - 7. Let y be s(-14). Let k(j) = -j**2 - 8*j. What is k(y)?
7
Let k(p) be the third derivative of -p**4/4 - p**3 - 27*p**2 - 3. What is k(-2)?
6
Let i(h) = 8*h + 44. Let m(a) = -3*a - 15. Suppose -9 - 11 = 5*t. Let z(r) = t*i(r) - 11*m(r). Let l(g) = 2*g**2 - g. Let q be l(2). What is z(q)?
-5
Let l(h) = h**3 + 4*h**2 + 1. Let g = -14 - -10. Let i be (0 + (5 - 4))*g. Calculate l(i).
1
Let f(b) = b**3 + 5*b**2 + 3*b - 4. Let y be (16/5 - 2)*(-310)/93. Calculate f(y).
0
Suppose i - 6*i + 10 = 0. Let j(l) = 3*l + 34*l**2 - 6*l - l**3 - 39*l**i. Let p be (10 + -4)*(-4)/6. Calculate j(p).
-4
Let v(u) = -u - 6. Suppose 5*l + 0*l + 15 = 0. Let q be -2 - (4 - (3 - 0)). Let f = l - q. Give v(f).
-6
Let v(n) = 4*n**2 - 4*n + 6. Let j(l) = -5*l**2 + 4*l - 7. Let u = 4 + 0. Let g(t) = u*v(t) + 3*j(t). Let m = 2 + 2. Calculate g(m).
3
Let g = 14 - 16. Let l(j) = 3 + 0*j**2 - 2*j - 4*j**2 + 3*j**2. Let o(w) = -4*w**2 - 8*w + 12. Let r(q) = g*o(q) + 9*l(q). Determine r(2).
-5
Let q(n) = n + 2. Let d be -2 - ((-4)/(-2) - 8). Let b(o) be the third derivative of -o**5/60 + o**4/4 - o**3/3 - o**2. Let h be b(d). Calculate q(h).
8
Let t(k) = -4*k**2 - k + 1. Suppose 119 = 7*i + 112. Calculate t(i).
-4
Let r(d) = 5*d**2 - 28*d + 8. Let w(b) = -2*b**2 + 10*b - 3. Let c(t) = 3*r(t) + 8*w(t). Let g be (-11)/(-4) - (-2)/8. What is c(g)?
-21
Let i = 4 - -6. Let x(v) = 22*v + 27*v + 21*v + 10 - 90*v + 19*v. Give x(i).
0
Let d(v) = -4*v - 4. Let g be d(-3). Let u = g - 10. Let b = 2 - u. Let y(p) = -p**2 + 5*p - 4. What is y(b)?
0
Let s = 8 + -1. Suppose 2*f = s + 5. Suppose 7*t = t + f. Let y(v) = -2*v + 1. Determine y(t).
-1
Let t(s) = 4*s**3 + 5*s**2 + 3*s + 6. Let l(b) = b**3 + b**2 + 2. Let r(p) = 3*l(p) - t(p). Calculate r(-3).
18
Let u(j) = 2*j - 6. Let c be u(0). Let y(k) = 5*k**2 - 5*k**3 - 4*k**3 - 3*k**3 - 4*k - 9 + 13*k**3. What is y(c)?
-21
Let d(y) = -y**2. Let f(p) = -4*p**2 - 13*p - 9. Let t(w) = 5*d(w) - f(w). Calculate t(13).
9
Let k(c) = -c**3 + 9*c**2 - 3*c - 9. Let u = 2314 - 2306. Determine k(u).
31
Let a be 2/(-2)*(2 + (-5 - -1)). Let t(g) = -3 + 3*g + 0 - 1053*g**2 + 1054*g**a. Calculate t(-5).
7
Let u(y) = -y - 1. Let r(t) = 3*t + 7. Let h(n) = -r(n) - 4*u(n). Suppose -5*o - 8 = -4*b, 6 = b + 2*b + 2*o. Suppose -6 = v - b. What is h(v)?
-7
Suppose -3 = -3*o - 3*g, -5*o - 7 = -2*o - 2*g. Let n(t) = -39*t. Calculate n(o).
39
Let t(s) = s**3 - 6*s**2 + 3*s. Let j = 565 + -559. Calculate t(j).
18
Let g(p) = p**2 + p - 1. Let h(d) = d**3 - 2*d**2 - 4*d + 12. Let t(n) = -5*g(n) - h(n). What is t(-3)?
-4
Let t(c) be the third derivative of c**4/24 - 5*c**3/6 + 4*c**2. Let r be (-232)/(-60) - 8/(-60). Determine t(r).
-1
Suppose -7 - 3 = 2*u, 4*d + 4*u = 0. Suppose d*w - 20 = -3*s, -5*w + 2*s = -21 + 1. Let i(g) = -g**2 + 2*g - 6. Give i(w).
-14
Suppose -d - 3*x = 0, 2*x = -d + 5*x + 12. Suppose -11*k + d*k + 20 = 0. Let n(j) = j**3 - 5*j**2 + 4*j - 4. Calculate n(k).
-4
Let q(z) = -12*z + 42. Let n(s) = 4*s - 15. Let j(o) = -11*n(o) - 4*q(o). Suppose 4*g = -3 + 11. Determine j(g).
5
Let x(q) be the first derivative of -q**2/2 - 2*q + 53. Give x(-9).
7
Let j be (-30)/(-12) - (-2)/(-4). Let l(m) = -j*m + 8 + m - 6. Let c be l(0). Let x(w) = -2*w**2 + 2*w + 2. Calculate x(c).
-2
Let h(t) = -t - 36. Let y be (0/(-6))/(-1*(2 - 0)). Give h(y).
-36
Let x(h) = -3*h**2 + 2. Let o(i) = -5*i**2 + 3. Let m(p) = o(p) - 2*x(p). Determine m(0).
-1
Let p(v) = -v**2 - 6*v + 1. Let l = 6 + 21. Suppose -a + 5 = -2*c - 2, l = -2*c - 3*a. Give p(c).
1
Let g(z) be the first derivative of z**3/3 + 5*z**2 + 5*z + 812. Give g(-10).
5
Let v(l) be the first derivative of -3*l**4/2 + l**2/2 - l + 55. Calculate v(1).
-6
Suppose 8*w = -17 + 33. Let y be (-5)/(-2)*8/10. Let d(u) = 1 + 2 + 0 - y*u - 1 - 2*u**2. Give d(w).
-10
Let c(l) be the second derivative of l**5/20 - 5*l**4/6 + l**3 - 67*l**2/2 - 7*l + 12. Give c(10).
-7
Let q(l) = -l**3 - 3*l**2 + 4*l - 3. Let a = 5 - 0. Suppose -r = -3*n + 6, 5*n + 94 = -a*r + 24. Let s be (r/9)/((-2)/(-6)). What is q(s)?
-3
Suppose -3 = -k, 2*k = 4*o + 3*k + 125. Let n be (18/(-4))/(12/o). Let l(j) = 3 - 6 - n*j + 3. Calculate l(1).
-12
Let x(o) = -5*o**2 + 4*o**2 + o**3 - 9*o**2 + 8*o - 36 + 26. Give x(9).
-19
Let f(c) = -21*c + 37*c**3 + 5 - 118*c**3 + 82*c**3 + 1 - 19*c**2. Give f(20).
-14
Let v(p) = -3 + 0*p**3 + p**3 + 4 - 6*p + 5*p**2. Let x = 54 + -54. Suppose -5*w + 3*w - 12 = x. Give v(w).
1
Let n(z) = z - 1. Let k be 25 + (-2)/4*6. Let a = k - 27. Let c be (15/10)/(a/10). Calculate n(c).
-4
Let x(w) be the third derivative of -w**5/60 - w**4/8 + 5*w**3/6 - 44*w**2. Calculate x(-4).
1
Let f(p) be the third derivative of -p**4/12 + p**3/3 - 2*p**2. Suppose 11 = -5*m - 14. Let h be (-15*2)/m - 4. Determine f(h).
-2
Let q(c) = 2 + c + 8*c - 13*c - 4 - 5*c**2. Calculate q(-2).
-14
Let g(c) = 2*c + 3. Let n(l) = l + 2. Let v(k) = k**3 - 5*k**2 + 5. Let q be v(5). Let m(b) = q*n(b) - 2*g(b). Suppose -11*x + 65 - 10 = 0. What is m(x)?
9
Let d(h) = 3*h**2 - 3*h - 11. Let s be d(3). Let g(z) = -3*z + 10. Determine g(s).
-11
Suppose 3*i + 24 = 3*t - t, 0 = -5*t - 5*i + 10. Let g(y) = 3*y**3 + 3*y**3 - 5*y**2 - 3*y - 5*y**3 + y - 6*y. Give g(t).
-12
Suppose 0 = k + 5*b + 5, 2*b - 15 + 4 = -3*k. Let d(n) be the second derivative of -5/12*n**4 + n + 1/20*n**5 + 0 - 1/6*n**3 - 1/2*n**2. Determine d(k).
-6
Let j be (-46)/161 - (122/14 - 0). Let y(h) = h**2 + 7*h - 19. Give y(j).
-1
Let s(m) = -28*m - 1. Let p(l) = -7*l + 41. Let c be p(6). Determine s(c).
27
Let z(f) = 3*f**2 - 2*f. Let r(g) be the first derivative of 13*g**3/3 - 4*g**2 + g - 2. Let d be -8 + -4 - -3*1. Let p(y) = d*z(y) + 2*r(y). Determine p(4).
-6
Suppose 42 = -4*o - 6. Let w = -4 - o. Let u(k) = -3*k**3 - 8*k**2 - 1 + 2*k**3 + w*k + 2*k**2 + 0*k**3. Give u(-7).
-8
Let y be (12 + 0)*2/8. Suppose 0 = -c - 0*c + y. Let m(o) = 2*o**2 + 2*o**2 - 5*o**2 - c*o - 4. Give m(-4).
-8
Let h(o) = o**3 - 2*o**2 - 6*o + 9. Let a be ((-2)/((-14)/21))/(4/4). Determine h(a).
0
Suppose 3*z = 3*o + 7*z + 18, 3*o + 15 = -5*z. Let r(b) = -b**3 - 9*b**2 + 9*b - 4. Let q be r(o). Let f(d) = -7*d + d**2 + 2*d + 0*d**2. What is f(q)?
6
Let j be (-2 - (3 + -2))/(3/(-146)). Let n(r) = -j + 146 + r. Calculate n(5).
5
Let d(o) be the first derivative of o**4/12 + o**3/6 + o**2/2 + o - 1. Let i(c) be the first derivative of d(c). Let q be 3/35*5 - (-561)/(-231). Give i(q).
3
Let a(i) = 10 + 3*i**2 + 108539*i - 108527*i - i**2. Determine a(-4).
-6
Let b(a) = 4*a**2 + 2*a - 1. Let p be ((-4)/7)/(16/56). What is b(p)?
11
Suppose -5*b + 2*m + 29 = 0, 2*b = 3*m + 23 - 7. Let u(y) = -7 - 3 + 14*y**2 + b*y - 7*y**2 + y**3 + 2. Calculate u(-6).
-2
Let q(s) = -s**2 - 5*s - 7. Let o(d) = d**2 + 5*d + 8. Suppose 0 = -t + 4*t - 12. Let p(a) = t*q(a) + 3*o(a). Determine p(-5).
-4
Let u(q) = -q - 12. Let c be u(-16). Suppose -4*z - c = 0, -2*v - 20 = -7*v - 5*z. Let x(o) = -o**2 + 7*o - 5. What is x(v)?
5
Let q be (-4)/(-2)*2/2. Suppose 0 = c + q*c + u + 21, 2*c + 3*u = -21. Let l(d) = d**3 + 7*d**2 + 8*d + 7. Give l(c).
-5
Let t(d) = -d + 8. Suppose -5*g + 64 - 29 = 0. Give t(g).
1
Let l(r) = 33*r - 240. Let o(u) = 13*u - 94. Let x(v) = -7*l(v) + 18*o(v). What is x(3)?
-3
Let f be 3 - (-9)/(-12) - (-3)/(-12). Let z(p) be the first derivative of 2*p + 1/2*p**f - 6. Calculate z(2).
4
Let p(a) = -a + 7. Suppose -3*w = -17 + 104. Let u = w - -18. Let r(x) = x**3 + 10*x**2 - 12*x - 5. Let l be r(u). Determine p(l).
1
Let g(m) be the second derivative of 53*m**5/20 - m**4/6 + m**2/2 + 7*m + 11. Give g(-1).
-54
Let u(r) = -r**3 + 14*r**2 + 17*r - 16. Suppose -73*t + 72*t + 15 = 0. Give u(t).
14
Suppose 0 = -p + 2